ate the remainder when 970 is divided by l.
52
Let s(u) = 18*u + 197. What is the remainder when s(-8) is divided by (-1)/(3/12) - -11?
4
Let r be -3 - (-6 - -1) - -3. Let n be (7/r)/(6/30). Suppose -2*b = -63 + n. What is the remainder when 83 is divided by b?
27
Let l(m) = -2*m + 34. Suppose 63 - 13 = 5*a. What is the remainder when 53 is divided by l(a)?
11
Suppose 3*f + f - 16 = 0. Let o(g) = -g**3 + 4*g**2 + g - 3. Let m be o(f). Let w = m + 18. Calculate the remainder when w is divided by 10.
9
Let i = 19 - 9. What is the remainder when 58 is divided by i?
8
Let k(u) = 3*u**2 + u + 6. Let h be k(-2). Suppose 4*v - 4 = h. Calculate the remainder when 15 is divided by v.
0
Let f(k) = 14*k + 17. Let l be f(-7). Calculate the remainder when 35 is divided by 4/(-6*3/l).
17
Let i = -1741 - -1744. What is the remainder when 39 is divided by i?
0
Let l(b) = 2*b - 64. Let q be l(-9). Let u = 17 - q. What is the remainder when u is divided by 17?
14
Suppose 1413 = 16*j + 1997 - 952. Suppose -1 = a - 67. What is the remainder when a is divided by j?
20
Suppose 2*b - 4*t = 3*b - 204, 249 = b - 5*t. Let k = b + -167. Calculate the remainder when k is divided by 15.
12
Let i(b) = 2*b**2 - 49*b + 169. Calculate the remainder when 109 is divided by i(21).
21
Let w be -3*3/(-27)*39. Let o = w + 2. Suppose -2*k + y + 5 = 0, -3*y = 3*k - 19 - 2. Calculate the remainder when o is divided by k.
3
Let c = -244 - -249. Calculate the remainder when 153 is divided by c.
3
Suppose 10*o + 2*w = 8*o + 104, -8 = -4*w. What is the remainder when 101 is divided by o?
1
Suppose 0 = 5*b - 4*i + 298, i - 2*i = -3*b - 183. What is the remainder when 52 is divided by -3 - (-1)/(-2)*b?
24
Suppose -4*m = -2*g - 24, -3*g - 2*m + 3*m - 11 = 0. Let w be g - -4*1/(-4). Let c(o) = 3*o**2 + o - 1. Calculate the remainder when 67 is divided by c(w).
21
Let s = -882 - -899. Let y be (-3)/(9/(-6)) - -10. Let q = y - 3. What is the remainder when s is divided by q?
8
Suppose 62*f = 4*f + 2262. What is the remainder when 233 is divided by f?
38
Suppose 11 = 18*q - 619. Suppose 8*t - 3*t - q = 0. What is the remainder when 89 is divided by t?
5
Let v = -507 + 578. Calculate the remainder when 203 is divided by v.
61
Suppose -3*j - 74 = 3*p - 284, -p + j = -66. Calculate the remainder when p is divided by 15.
8
Calculate the remainder when 6/((-115)/23*(-6)/50) is divided by (-16)/(-6)*(-81)/(-36).
4
Calculate the remainder when 111 is divided by (-76)/5*16/(192/(-30)).
35
Let b(r) = 26*r**2 - 2 - 20*r**2 + 6*r - 5*r + 4. What is the remainder when 13 is divided by b(-1)?
6
What is the remainder when (17 + 0)/(3 + (-92)/32) is divided by 43?
7
What is the remainder when (168/3)/((-8)/(-28)) is divided by 33?
31
Suppose -6*d = -1366 + 1126. What is the remainder when 238 is divided by d?
38
Let q(z) = -z**3 - 4*z**2 + 4*z + 8. Let a = -106 + 101. What is the remainder when q(a) is divided by 4?
1
Calculate the remainder when -4 + (41 - 0) - -2 is divided by 5.
4
Suppose 22 = -0*z + 2*z. Let q(o) = -24*o**2 - 891*o - 91. What is the remainder when q(-37) is divided by z?
9
Suppose -5*j + 604 = 2*z, -2*j + 2*z + 234 = -z. What is the remainder when 119 is divided by (j/(3 + -7))/(-1)?
29
Let k(b) = -10*b + 21. Let u be k(9). Suppose 2*m + 89 = 13. Let a = m - u. What is the remainder when a is divided by 12?
7
Suppose -38 = -4*k + 2*c, 0*c = 4*k - c - 33. What is the remainder when 48/(-10)*20/(-3) is divided by 3/21*k - 1*-16?
15
Suppose -3*i - 5*l = 6, -3*i + 30 = -5*l + 6. Suppose -2*z - 4 = -8. Suppose z*w = -3*j - 5, -j - i*w - 7 = 4. What is the remainder when 4 is divided by j?
0
Let o(p) = 188*p**2 + 9*p + 15. What is the remainder when o(-3) is divided by 9?
6
Let z be 1 + (1 - 1) - 3. Suppose 100 = 68*l - 73*l. Let h = z - l. Calculate the remainder when 34 is divided by h.
16
Suppose -7*y = -123 + 221. Let a be (1 - 2) + 2 + 20. Let b = y + a. Calculate the remainder when 18 is divided by b.
4
Suppose 0 = -16*d + 113 + 79. Suppose -k + 495 = 2*k. What is the remainder when k is divided by d?
9
Suppose -5*o = 4*l - 21, 29*l - 26 = -5*o + 30*l. Let a = 73 - 49. What is the remainder when a is divided by o?
4
Let c be -11 - 12/(-3) - 2. Let i(w) = w**3 + 8*w**2 - 9*w + 7. What is the remainder when (23/(-2) - 2)*-2 is divided by i(c)?
6
Suppose 4*q = l - 47, -5*l + 280 = -3*q - 2*q. What is the remainder when l is divided by 18?
5
Let o be 3 - 4/(-4) - 2. Let c = o - 39. Let j = c + 54. What is the remainder when j is divided by 10?
7
Suppose -4 = 4*n, -4*n = 3*f - 3*n - 68. Let t = -62 + 70. What is the remainder when f is divided by t?
7
Let o = 17 - -6. Let h be 3/(-1*3) + (-2 - -7). Suppose -3*p = -2*c + 102, 2*p = -h*c + p + 176. Calculate the remainder when c is divided by o.
22
Suppose 14 = 6*w - 664. What is the remainder when 562 is divided by w?
110
Suppose 61 - 73 = -3*l. Let v = 7 - 1. Suppose k = 4*i + 9, -l*i = -v*i. What is the remainder when 42 is divided by k?
6
Suppose -3*l = -4 - 5. Suppose l*z = 3*c + 9, -3*c + 32 + 7 = 5*z. What is the remainder when z is divided by ((-8)/(-6))/((-3)/(-9))?
2
Let g = 25 + -10. What is the remainder when g is divided by 9 - -8 - (-1)/3*(0 - 18)?
4
Suppose 7*r - 876 = 132. What is the remainder when 151 is divided by r?
7
Let y be (1 + 2)*(-1 + 2). Let i(q) = -q**2 + 10*q + 2. Let o be i(0). Suppose o*r + y*r = 135. What is the remainder when r is divided by 15?
12
Suppose -223*t + 700 = -195*t. What is the remainder when t is divided by 4/14 - (-192)/14?
11
Let x be (-4)/18 - (-20)/90. Suppose -v - v + 6 = 0. Calculate the remainder when v is divided by 2/(x - 6/(-9)).
0
Suppose 2*a = 4*b - 144 - 154, b - 3*a = 72. Calculate the remainder when b is divided by 13.
10
Calculate the remainder when 5/(-15) - (-146)/6 is divided by 5.
4
Let c(n) = -n**2 - 13*n + 6. Suppose 2*r - 5*s = -21, 5*r - 4*r - 2*s = -10. Calculate the remainder when 183 is divided by c(r).
45
Suppose -3*w + 1 = -137. Calculate the remainder when 91 is divided by w.
45
Suppose 0*q + 2*q - 4 = 0. Suppose f = 2*f - 1. Calculate the remainder when q is divided by f.
0
Suppose 0 = 10*u - 9*u - 3. Suppose 0 = u*q - 45 - 0. Let o(y) = y**2 + y - 3. What is the remainder when o(-6) is divided by q?
12
Let c(r) = -3*r + 61. What is the remainder when c(-27) is divided by 33 - -2*(-9)/(-6)?
34
Let i(d) = -4*d**3 + 6*d**3 + 13*d - 12*d**2 + 3*d**2 - 24. What is the remainder when i(5) is divided by 36?
30
Let i = -268 - -290. What is the remainder when 58 is divided by i?
14
Let n = -394 + 555. What is the remainder when n is divided by 3?
2
Suppose -3*w - 15 = -6*w. Suppose -p - 3*j = -7*j - 60, -172 = -2*p - w*j. Calculate the remainder when p is divided by 20.
16
Let v(w) = -w**3 - 14*w**2 + 32*w + 10. Calculate the remainder when 391 is divided by v(-16).
1
Let k = 1031 + -863. What is the remainder when k is divided by 55?
3
Suppose 62 = 4*t - 3*k, 28*k - 31*k - 76 = -5*t. What is the remainder when 118 is divided by t?
6
Let v = 25 + -10. Calculate the remainder when ((-4)/(-6))/(4/246) is divided by v.
11
Suppose 3*w - 85 = -5*f, 0 = -15*f + 17*f - 4*w - 8. Calculate the remainder when 2 + 19*(0 + 2) is divided by f.
12
Let j(d) = d**2 + 8*d + 18. Suppose 2*a = -2*f + 28, 3*a - 7 - 33 = -5*f. What is the remainder when j(-9) is divided by a?
12
Let g = 1995 + -1797. Calculate the remainder when g is divided by 8.
6
Suppose 3*t = 2*h - 16 - 10, -18 = -h - t. Suppose -5*o = -2*o - 126. Calculate the remainder when o is divided by h.
10
Suppose -24 = 2*p - 6*p. Let i(o) = -o + 10. Let r be i(7). Suppose 51 = r*m - 4*v, -5*v - 48 - 3 = -3*m. What is the remainder when m is divided by p?
5
Let v = -39 - -44. Suppose -22 = -z - v*x, -2*z + 26 = 5*x - x. What is the remainder when 34 is divided by z?
6
Let m(q) = 9*q - 31. What is the remainder when m(8) is divided by 30?
11
Suppose -2*x + 7*f + 206 = 5*f, 3*x - 4*f - 312 = 0. What is the remainder when x is divided by 30?
10
Suppose 363 + 24 = 3*d. What is the remainder when 771 is divided by d?
126
Let z be 5*((-79)/(-5) + -4). Let b = z + -27. What is the remainder when 158 is divided by b?
30
Let z(s) = -2*s**2 - 16*s - 9. What is the remainder when 87 is divided by z(-4)?
18
Let p = -41 + 57. Let v = 3 - -14. S